{"id":49,"date":"2008-06-25T15:09:07","date_gmt":"2008-06-25T13:09:07","guid":{"rendered":"http:\/\/krecklow.de\/grashalmabknicker\/?page_id=49"},"modified":"2009-05-22T09:35:33","modified_gmt":"2009-05-22T07:35:33","slug":"turnier-zachow-2006","status":"publish","type":"page","link":"https:\/\/krecklow.de\/grashalmabknicker\/?page_id=49","title":{"rendered":"Turnier in Zachow am 29.04.2006"},"content":{"rendered":"<ul>\n<li>DC Allstars &#8211; <strong>Grashalmabknicker <\/strong>1 : 1<\/li>\n<\/ul>\n<p>1:0 durch <span style=\"color: #ff0000;\">Basti<\/span> im Alleingang.<\/p>\n<ul>\n<li><strong>Grashalmabknicker<\/strong> &#8211; Torpedo I 0 : 1<\/li>\n<\/ul>\n<p>kaum Chancen, Gegentor fiel zum Schluss.<\/p>\n<ul>\n<li>Priort &#8211; <strong>Grashalmabknicker<\/strong> 1 : 2<\/li>\n<\/ul>\n<p><em>Olli<\/em> spielt Pass in den Lauf von <span style=\"color: #ff0000;\">Basti<\/span>, Toor!! Dann 1:1 durch Torwartfehler von Krecki, dann spielt Andi einen Pass auf <em>Basti<\/em> nach rechts, dieser passt dann in die Mitte zu <span style=\"color: #ff0000;\">Graebi<\/span> und dieser muss nur noch einschieben, Toooooor!<\/p>\n<ul>\n<li><strong>Grashalmabknicker <\/strong>&#8211; Torpedo II 1 : 1<\/li>\n<\/ul>\n<p><em>Bast\u00ed<\/em> spielt Pass auf <span style=\"color: #ff0000;\">Peter<\/span>, dieser fummelt 2 Gegenspieler aus und macht dann das Tooor!!<\/p>\n<ul>\n<li>TSK`97 &#8211; <strong>Grashalmabknicker<\/strong> m1 : 0<\/li>\n<\/ul>\n<p>Das Gegentor fiel 5 Minuten \u00fcber der Zeit, haben bis dahin gut gestanden hinten.<\/p>\n<ul>\n<li><strong>Grashalmabknicker<\/strong> &#8211; Fruchtbomber 0 : 0<\/li>\n<\/ul>\n<p>Leider eine 100%ige von Peter vergeben, mein erstes Torwartspiel zu Null!<\/p>\n<ul>\n<li>Bolzplatzpiraten &#8211; <strong>Grashalmabknicker<\/strong> 0 : 0<\/li>\n<\/ul>\n<p>Wieder eine 100%ige durch Basti vergeben, da er nicht auf den freistehenden Peter abspielte<\/p>\n<p><strong>Fazit:<\/strong><\/p>\n<p>Mit 7 Punkten und 4:5 Toren sind wir in der Endabrechnung 6. von 8 Mannschaften geworden, dieselbe Platzierung wie letztes Jahr.<\/p>\n<p>Beim Torwandschie\u00dfen haben wir als Mannschaft mit 6 Treffern den 2. Platz belegt, nur Torpedo I mit 7 Treffern war besser. Basti hat daf\u00fcr den Pokal als bester Einzelsch\u00fctze geholt, Herzlichen Gl\u00fcckwunsch!<\/p>\n<p><img loading=\"lazy\" decoding=\"async\" class=\"aligncenter\" src=\"http:\/\/krecklow.de\/grashalmabknicker\/wp-content\/gallery\/Zachow-2006\/IMG_0529.jpg\" alt=\"\" width=\"400\" height=\"300\" \/><\/p>\n","protected":false},"excerpt":{"rendered":"<p>DC Allstars &#8211; Grashalmabknicker 1 : 1 1:0 durch Basti im Alleingang. Grashalmabknicker &#8211; Torpedo I 0 : 1 kaum Chancen, Gegentor fiel zum Schluss. Priort &#8211; Grashalmabknicker 1 : 2 Olli spielt Pass in den Lauf von Basti, Toor!! Dann 1:1 durch Torwartfehler von Krecki, dann spielt Andi einen Pass auf Basti nach rechts, dieser passt dann in die Mitte zu Graebi und dieser muss nur noch einschieben, Toooooor! Grashalmabknicker &#8211; Torpedo II 1 : 1 Bast\u00ed spielt Pass&hellip; <a href=\"https:\/\/krecklow.de\/grashalmabknicker\/?page_id=49\">Continue reading <span class=\"meta-nav\">&raquo;<\/span><\/a><\/p>\n","protected":false},"author":1,"featured_media":0,"parent":37,"menu_order":0,"comment_status":"closed","ping_status":"closed","template":"","meta":{"footnotes":""},"class_list":["post-49","page","type-page","status-publish","hentry"],"_links":{"self":[{"href":"https:\/\/krecklow.de\/grashalmabknicker\/index.php?rest_route=\/wp\/v2\/pages\/49","targetHints":{"allow":["GET"]}}],"collection":[{"href":"https:\/\/krecklow.de\/grashalmabknicker\/index.php?rest_route=\/wp\/v2\/pages"}],"about":[{"href":"https:\/\/krecklow.de\/grashalmabknicker\/index.php?rest_route=\/wp\/v2\/types\/page"}],"author":[{"embeddable":true,"href":"https:\/\/krecklow.de\/grashalmabknicker\/index.php?rest_route=\/wp\/v2\/users\/1"}],"replies":[{"embeddable":true,"href":"https:\/\/krecklow.de\/grashalmabknicker\/index.php?rest_route=%2Fwp%2Fv2%2Fcomments&post=49"}],"version-history":[{"count":3,"href":"https:\/\/krecklow.de\/grashalmabknicker\/index.php?rest_route=\/wp\/v2\/pages\/49\/revisions"}],"predecessor-version":[{"id":176,"href":"https:\/\/krecklow.de\/grashalmabknicker\/index.php?rest_route=\/wp\/v2\/pages\/49\/revisions\/176"}],"up":[{"embeddable":true,"href":"https:\/\/krecklow.de\/grashalmabknicker\/index.php?rest_route=\/wp\/v2\/pages\/37"}],"wp:attachment":[{"href":"https:\/\/krecklow.de\/grashalmabknicker\/index.php?rest_route=%2Fwp%2Fv2%2Fmedia&parent=49"}],"curies":[{"name":"wp","href":"https:\/\/api.w.org\/{rel}","templated":true}]}}