{"id":15,"date":"2008-06-24T10:12:04","date_gmt":"2008-06-24T08:12:04","guid":{"rendered":"http:\/\/krecklow.de\/grashalmabknicker\/?page_id=15"},"modified":"2013-03-14T15:42:09","modified_gmt":"2013-03-14T13:42:09","slug":"uber-uns","status":"publish","type":"page","link":"https:\/\/krecklow.de\/grashalmabknicker\/?page_id=15","title":{"rendered":"Die Grashalmabknicker"},"content":{"rendered":"<p style=\"text-align: justify;\">Der Name unserer Mannschaft entstand 2004 rein zuf\u00e4llig. Um uns f\u00fcr das Herrentagsturnier 2004 anzumelden (unser 1. gemeinsames Turnier) ben\u00f6tigten wir einen Teamnamen. Graebi dachte sich &#8222;Die Grashalmkicker&#8220; aus. Andi, der die Anmeldung durchf\u00fchren sollte, h\u00f6rte aber nicht richtig hin und gab dann bei der Anmeldung &#8222;Die Grashalmabknicker&#8220; an. Somit spielten wir unser 1. Turnier unter diesem Namen. Wir konnten uns alle mit diesem Namen anfreunden, sodass wir nun fortan unter diesem Namen bekannt wurden.<\/p>\n<p style=\"text-align: center;\"><img loading=\"lazy\" decoding=\"async\" class=\"aligncenter\" alt=\"Wir\" src=\"http:\/\/krecklow.de\/grashalmabknicker\/wp-content\/uploads\/Bilder\/1882.jpg\" width=\"516\" height=\"370\" \/><\/p>\n<p style=\"margin-top: 0pt; margin-bottom: 0pt; text-align: justify;\">Die Grashalmabknicker bestehen aus einem Stamm von 7 Spielern. Da diese mittlerweile in ganz Deutschland verstreut leben und arbeiten laden wir immer wieder Gastspieler ein. F\u00fcr n\u00e4here Infos zu den Stammspieler einfach auf das Bild klicken:<\/p>\n<p align=\"center\"><a href=\"http:\/\/krecklow.de\/grashalmabknicker\/?page_id=16\"><img loading=\"lazy\" decoding=\"async\" style=\"border: 0pt none;\" alt=\"Krecki\" src=\"http:\/\/krecklow.de\/grashalmabknicker\/wp-content\/uploads\/Bilder\/krecki3.jpg\" width=\"300\" height=\"226\" border=\"0\" \/><\/a><\/p>\n<p style=\"margin-top: 0pt; margin-bottom: 0pt; text-align: center;\"><strong><\/strong><strong><a href=\"http:\/\/krecklow.de\/grashalmabknicker\/?page_id=16\"><span style=\"color: #ff0000;\">Krecki &#8211; unsere Nr. &#8222;80&#8220;<\/span><\/a><\/strong><span style=\"color: #ffffff;\">&#8211;<\/span><\/p>\n<p align=\"center\"><a href=\"http:\/\/krecklow.de\/grashalmabknicker\/?page_id=17\"><img loading=\"lazy\" decoding=\"async\" style=\"border: 0pt none;\" alt=\"Blumy\" src=\"http:\/\/krecklow.de\/grashalmabknicker\/wp-content\/uploads\/Bilder\/Marc.jpg\" width=\"300\" height=\"227\" border=\"0\" \/><\/a><\/p>\n<p align=\"center\"><strong><\/strong><strong><a href=\"http:\/\/krecklow.de\/grashalmabknicker\/?page_id=17\"><span style=\"color: #ff0000;\">Blumy &#8211; unsere Nr. &#8222;79&#8220;<\/span><\/a><\/strong><\/p>\n<p align=\"center\"><a href=\"http:\/\/krecklow.de\/grashalmabknicker\/?page_id=18\"><img loading=\"lazy\" decoding=\"async\" style=\"border: 0pt none;\" alt=\"Kossy\" src=\"http:\/\/krecklow.de\/grashalmabknicker\/wp-content\/uploads\/Bilder\/kossy1.jpg\" width=\"300\" height=\"226\" border=\"0\" \/><\/a><\/p>\n<p align=\"center\"><strong><\/strong><strong><a href=\"http:\/\/krecklow.de\/grashalmabknicker\/?page_id=18\"><span style=\"color: #ff0000;\">Kossy &#8211; unsere Nr. &#8222;5&#8220;<\/span><\/a><\/strong><\/p>\n<p align=\"center\"><a href=\"http:\/\/krecklow.de\/grashalmabknicker\/?page_id=19\"><img loading=\"lazy\" decoding=\"async\" style=\"border: 0pt none;\" alt=\"Andi\" src=\"http:\/\/krecklow.de\/grashalmabknicker\/wp-content\/uploads\/Bilder\/andi.jpg\" width=\"300\" height=\"227\" border=\"0\" \/><\/a><\/p>\n<p align=\"center\"><strong><\/strong><strong><a href=\"http:\/\/krecklow.de\/grashalmabknicker\/?page_id=19\"><span style=\"color: #ff0000;\">Andi &#8211; unsere Nr. &#8222;11&#8220;<\/span><\/a><\/strong><\/p>\n<p align=\"center\"><a href=\"http:\/\/krecklow.de\/grashalmabknicker\/?page_id=20\"><img loading=\"lazy\" decoding=\"async\" style=\"border: 0pt none;\" alt=\"Patti\" src=\"http:\/\/krecklow.de\/grashalmabknicker\/wp-content\/uploads\/Bilder\/patti2.jpg\" width=\"300\" height=\"224\" border=\"0\" \/><\/a><\/p>\n<p align=\"center\"><strong><a href=\"http:\/\/krecklow.de\/grashalmabknicker\/?page_id=20\"><span style=\"color: #ff0000;\">Patti &#8211; unsere Nr. &#8222;8&#8220;<\/span><\/a><\/strong><\/p>\n<p align=\"center\"><a href=\"http:\/\/krecklow.de\/grashalmabknicker\/?page_id=22\"><img loading=\"lazy\" decoding=\"async\" style=\"border: 0pt none;\" alt=\"Olli\" src=\"http:\/\/krecklow.de\/grashalmabknicker\/wp-content\/uploads\/Bilder\/olli.jpg\" width=\"300\" height=\"231\" border=\"0\" \/><\/a><\/p>\n<p align=\"center\"><strong><\/strong><strong><a href=\"http:\/\/krecklow.de\/grashalmabknicker\/?page_id=22\"><span style=\"color: #ff0000;\">Olli &#8211; unsere Nr. &#8222;99&#8220;<\/span><\/a><\/strong><\/p>\n<p align=\"center\"><a href=\"http:\/\/krecklow.de\/grashalmabknicker\/?page_id=21\"><img loading=\"lazy\" decoding=\"async\" style=\"border: 0pt none;\" alt=\"Graebi\" src=\"http:\/\/krecklow.de\/grashalmabknicker\/wp-content\/uploads\/Bilder\/graebi.jpg\" width=\"300\" height=\"231\" border=\"0\" \/><\/a><\/p>\n<p align=\"center\"><strong><\/strong><strong><a href=\"http:\/\/krecklow.de\/grashalmabknicker\/?page_id=21\"><span style=\"color: #ff0000;\">Graebi &#8211; unsere Nr. &#8222;10&#8220;<\/span><\/a><\/strong><\/p>\n<p align=\"center\"><a href=\"http:\/\/krecklow.de\/grashalmabknicker\/?page_id=23\"><img loading=\"lazy\" decoding=\"async\" style=\"border: 0pt none;\" alt=\"Peter\" src=\"http:\/\/krecklow.de\/grashalmabknicker\/wp-content\/uploads\/Bilder\/peter3.jpg\" width=\"300\" height=\"224\" border=\"0\" \/><\/a><\/p>\n<p align=\"center\"><strong><a href=\"http:\/\/krecklow.de\/grashalmabknicker\/?page_id=23\"><span style=\"color: #ff0000;\">Peter &#8211; unsere Nr. &#8222;1&#8220;<\/span><\/a><\/strong><\/p>\n","protected":false},"excerpt":{"rendered":"<p>Der Name unserer Mannschaft entstand 2004 rein zuf\u00e4llig. Um uns f\u00fcr das Herrentagsturnier 2004 anzumelden (unser 1. gemeinsames Turnier) ben\u00f6tigten wir einen Teamnamen. Graebi dachte sich &#8222;Die Grashalmkicker&#8220; aus. Andi, der die Anmeldung durchf\u00fchren sollte, h\u00f6rte aber nicht richtig hin und gab dann bei der Anmeldung &#8222;Die Grashalmabknicker&#8220; an. Somit spielten wir unser 1. Turnier unter diesem Namen. Wir konnten uns alle mit diesem Namen anfreunden, sodass wir nun fortan unter diesem Namen bekannt wurden. Die Grashalmabknicker bestehen aus einem&hellip; <a href=\"https:\/\/krecklow.de\/grashalmabknicker\/?page_id=15\">Continue reading <span class=\"meta-nav\">&raquo;<\/span><\/a><\/p>\n","protected":false},"author":1,"featured_media":0,"parent":0,"menu_order":1,"comment_status":"closed","ping_status":"closed","template":"","meta":{"footnotes":""},"class_list":["post-15","page","type-page","status-publish","hentry"],"_links":{"self":[{"href":"https:\/\/krecklow.de\/grashalmabknicker\/index.php?rest_route=\/wp\/v2\/pages\/15","targetHints":{"allow":["GET"]}}],"collection":[{"href":"https:\/\/krecklow.de\/grashalmabknicker\/index.php?rest_route=\/wp\/v2\/pages"}],"about":[{"href":"https:\/\/krecklow.de\/grashalmabknicker\/index.php?rest_route=\/wp\/v2\/types\/page"}],"author":[{"embeddable":true,"href":"https:\/\/krecklow.de\/grashalmabknicker\/index.php?rest_route=\/wp\/v2\/users\/1"}],"replies":[{"embeddable":true,"href":"https:\/\/krecklow.de\/grashalmabknicker\/index.php?rest_route=%2Fwp%2Fv2%2Fcomments&post=15"}],"version-history":[{"count":9,"href":"https:\/\/krecklow.de\/grashalmabknicker\/index.php?rest_route=\/wp\/v2\/pages\/15\/revisions"}],"predecessor-version":[{"id":408,"href":"https:\/\/krecklow.de\/grashalmabknicker\/index.php?rest_route=\/wp\/v2\/pages\/15\/revisions\/408"}],"wp:attachment":[{"href":"https:\/\/krecklow.de\/grashalmabknicker\/index.php?rest_route=%2Fwp%2Fv2%2Fmedia&parent=15"}],"curies":[{"name":"wp","href":"https:\/\/api.w.org\/{rel}","templated":true}]}}