{"id":372,"date":"2012-07-24T16:45:38","date_gmt":"2012-07-24T14:45:38","guid":{"rendered":"http:\/\/krecklow.de\/goalunited\/?page_id=372"},"modified":"2012-12-21T13:28:58","modified_gmt":"2012-12-21T11:28:58","slug":"nr-80-guvenc","status":"publish","type":"page","link":"https:\/\/krecklow.de\/goalunited\/abknicker-of-fame\/nr-80-guvenc\/","title":{"rendered":"Nr. 80 &#8211; G\u00fcvenc"},"content":{"rendered":"<p>unsere Nummer 80:<\/p>\n<p style=\"text-align: justify;\"><a href=\"https:\/\/krecklow.de\/goalunited\/?attachment_id=722\" rel=\"attachment wp-att-722\"><img loading=\"lazy\" decoding=\"async\" class=\"aligncenter size-full wp-image-722\" alt=\"kara\" src=\"https:\/\/krecklow.de\/goalunited\/wp-content\/uploads\/2012\/07\/kara.jpg\" width=\"573\" height=\"637\" srcset=\"https:\/\/krecklow.de\/goalunited\/wp-content\/uploads\/2012\/07\/kara.jpg 573w, https:\/\/krecklow.de\/goalunited\/wp-content\/uploads\/2012\/07\/kara-269x300.jpg 269w\" sizes=\"auto, (max-width: 573px) 100vw, 573px\" \/><\/a><\/p>\n<p style=\"text-align: justify;\">G\u00fcvenc ist der 3. im Bunde (nach Lomba und Musa), der bisher alle Meisterschaften mit den Abknickern feierte. Sein Deb\u00fct feierte er feierte im Pokal am 03.01.2011, dort traf er auch gleich zum 1:0 f\u00fcr die Abknicker. Seitdem lief er fast durchg\u00e4ngig immer als Stammspieler auf. Er wurde am 21.12. f\u00fcr die Rekordabl\u00f6sesumme von 35,9Mio EUR verkauft. G\u00fcvenc absolvierte 196 Pflichtspiele und erzielte dabei 89 Tore.<\/p>\n<p>Hier seine Feldskills zu den Geburtstagen:<\/p>\n<ul>\n<li>zum 21. Geburtstag: 103<\/li>\n<li>zum 22. Geburtstag: 144<\/li>\n<li>zum 23. Geburtstag: 186<\/li>\n<li>zum 24. Geburtstag: 214<\/li>\n<li>zum 25. Geburtstag: 243<\/li>\n<li>zum 26. Geburtstag: 268<\/li>\n<li>zum 27. Geburtstag: 289<\/li>\n<li>zum 28 Geburtstag: 307<\/li>\n<li>zum Verkauf: 307<\/li>\n<\/ul>\n","protected":false},"excerpt":{"rendered":"<p>unsere Nummer 80: G\u00fcvenc ist der 3. im Bunde (nach Lomba und Musa), der bisher alle Meisterschaften mit den Abknickern feierte. Sein Deb\u00fct feierte er feierte im Pokal am 03.01.2011, dort traf er auch gleich zum 1:0 f\u00fcr die Abknicker. &hellip; <a href=\"https:\/\/krecklow.de\/goalunited\/abknicker-of-fame\/nr-80-guvenc\/\">Weiterlesen <span class=\"meta-nav\">&rarr;<\/span><\/a><\/p>\n","protected":false},"author":2,"featured_media":0,"parent":520,"menu_order":0,"comment_status":"open","ping_status":"closed","template":"","meta":{"footnotes":""},"class_list":["post-372","page","type-page","status-publish","hentry"],"aioseo_notices":[],"_links":{"self":[{"href":"https:\/\/krecklow.de\/goalunited\/wp-json\/wp\/v2\/pages\/372","targetHints":{"allow":["GET"]}}],"collection":[{"href":"https:\/\/krecklow.de\/goalunited\/wp-json\/wp\/v2\/pages"}],"about":[{"href":"https:\/\/krecklow.de\/goalunited\/wp-json\/wp\/v2\/types\/page"}],"author":[{"embeddable":true,"href":"https:\/\/krecklow.de\/goalunited\/wp-json\/wp\/v2\/users\/2"}],"replies":[{"embeddable":true,"href":"https:\/\/krecklow.de\/goalunited\/wp-json\/wp\/v2\/comments?post=372"}],"version-history":[{"count":0,"href":"https:\/\/krecklow.de\/goalunited\/wp-json\/wp\/v2\/pages\/372\/revisions"}],"up":[{"embeddable":true,"href":"https:\/\/krecklow.de\/goalunited\/wp-json\/wp\/v2\/pages\/520"}],"wp:attachment":[{"href":"https:\/\/krecklow.de\/goalunited\/wp-json\/wp\/v2\/media?parent=372"}],"curies":[{"name":"wp","href":"https:\/\/api.w.org\/{rel}","templated":true}]}}