{"id":362,"date":"2012-07-23T15:47:44","date_gmt":"2012-07-23T13:47:44","guid":{"rendered":"http:\/\/krecklow.de\/goalunited\/?page_id=362"},"modified":"2013-10-02T13:28:08","modified_gmt":"2013-10-02T11:28:08","slug":"pattizwei-2","status":"publish","type":"page","link":"https:\/\/krecklow.de\/goalunited\/abknicker-of-fame\/pattizwei-2\/","title":{"rendered":"Nr. 28 &#8211; Pattizwei"},"content":{"rendered":"<p>Unsere Nummer 28:<\/p>\n<p style=\"text-align: justify;\"><a href=\"https:\/\/krecklow.de\/goalunited\/wp-content\/uploads\/2013\/10\/Struve.jpg\"><img loading=\"lazy\" decoding=\"async\" class=\"aligncenter size-full wp-image-1421\" alt=\"Struve\" src=\"https:\/\/krecklow.de\/goalunited\/wp-content\/uploads\/2013\/10\/Struve.jpg\" width=\"631\" height=\"703\" srcset=\"https:\/\/krecklow.de\/goalunited\/wp-content\/uploads\/2013\/10\/Struve.jpg 631w, https:\/\/krecklow.de\/goalunited\/wp-content\/uploads\/2013\/10\/Struve-269x300.jpg 269w\" sizes=\"auto, (max-width: 631px) 100vw, 631px\" \/><\/a><\/p>\n<p>Pattizwei kam als 18j\u00e4hriger aus der eigenen Jugend und galt als langfristiger Nachfolger vom Torbomba. Mittlerweile hat Teodor diese Position eingenommen, aber 2 Freisto\u00dfspezis zu haben schadet ja nicht. Die F\u00fc\u00dfigkeit iVm mit seinem Charakter und den trainierten Skills machen aus ihm einen echten Allrounder im Offensivbereich. Daher wird sein Vertrag auf jeden Fall nochmal verl\u00e4ngert.<\/p>\n<p>Hier seine Feldskills zu den Geburtstagen:<\/p>\n<ul>\n<li>zum 19. Geburtstag: 102<\/li>\n<li>zum 20. Geburtstag: 140<\/li>\n<li>zum 21. Geburtstag: 173<\/li>\n<li>zum 22. Geburtstag: 205<\/li>\n<li>zum 23. Geburtstag: 239<\/li>\n<li>zum 24. Geburtstag: 268<\/li>\n<li>zum 25. Geburtstag: 297<\/li>\n<li>zum 26. Geburtstag: 318<\/li>\n<li>zum 27. Geburtstag: 337<\/li>\n<li>zum 28. Geburtstag: 348<\/li>\n<\/ul>\n<p>Pattizwei wurde am 02.10.2013 f\u00fcr 36,6Mio EUR verkauft.<\/p>\n<p style=\"text-align: justify;\">14.05.2013<\/p>\n<p style=\"text-align: justify;\"><a href=\"https:\/\/krecklow.de\/goalunited\/wp-content\/uploads\/2012\/07\/81.jpg\"><img loading=\"lazy\" decoding=\"async\" class=\"aligncenter size-full wp-image-1122\" alt=\"8\" src=\"https:\/\/krecklow.de\/goalunited\/wp-content\/uploads\/2012\/07\/81.jpg\" width=\"577\" height=\"646\" srcset=\"https:\/\/krecklow.de\/goalunited\/wp-content\/uploads\/2012\/07\/81.jpg 577w, https:\/\/krecklow.de\/goalunited\/wp-content\/uploads\/2012\/07\/81-267x300.jpg 267w\" sizes=\"auto, (max-width: 577px) 100vw, 577px\" \/><\/a><\/p>\n<p style=\"text-align: justify;\">15.01.2013<\/p>\n<p style=\"text-align: justify;\"><a href=\"https:\/\/krecklow.de\/goalunited\/wp-content\/uploads\/2012\/07\/8.jpg\"><img loading=\"lazy\" decoding=\"async\" class=\"aligncenter size-full wp-image-847\" alt=\"8\" src=\"https:\/\/krecklow.de\/goalunited\/wp-content\/uploads\/2012\/07\/8.jpg\" width=\"575\" height=\"637\" srcset=\"https:\/\/krecklow.de\/goalunited\/wp-content\/uploads\/2012\/07\/8.jpg 575w, https:\/\/krecklow.de\/goalunited\/wp-content\/uploads\/2012\/07\/8-270x300.jpg 270w\" sizes=\"auto, (max-width: 575px) 100vw, 575px\" \/><\/a><a href=\"https:\/\/krecklow.de\/goalunited\/wp-content\/uploads\/2012\/07\/patti2.jpg\"><img loading=\"lazy\" decoding=\"async\" title=\"patti2\" alt=\"\" src=\"https:\/\/krecklow.de\/goalunited\/wp-content\/uploads\/2012\/07\/patti2.jpg\" width=\"566\" height=\"642\" \/><\/a><\/p>\n<p>&nbsp;<\/p>\n","protected":false},"excerpt":{"rendered":"<p>Unsere Nummer 28: Pattizwei kam als 18j\u00e4hriger aus der eigenen Jugend und galt als langfristiger Nachfolger vom Torbomba. Mittlerweile hat Teodor diese Position eingenommen, aber 2 Freisto\u00dfspezis zu haben schadet ja nicht. Die F\u00fc\u00dfigkeit iVm mit seinem Charakter und den &hellip; <a href=\"https:\/\/krecklow.de\/goalunited\/abknicker-of-fame\/pattizwei-2\/\">Weiterlesen <span class=\"meta-nav\">&rarr;<\/span><\/a><\/p>\n","protected":false},"author":2,"featured_media":0,"parent":520,"menu_order":0,"comment_status":"open","ping_status":"closed","template":"","meta":{"footnotes":""},"class_list":["post-362","page","type-page","status-publish","hentry"],"aioseo_notices":[],"_links":{"self":[{"href":"https:\/\/krecklow.de\/goalunited\/wp-json\/wp\/v2\/pages\/362","targetHints":{"allow":["GET"]}}],"collection":[{"href":"https:\/\/krecklow.de\/goalunited\/wp-json\/wp\/v2\/pages"}],"about":[{"href":"https:\/\/krecklow.de\/goalunited\/wp-json\/wp\/v2\/types\/page"}],"author":[{"embeddable":true,"href":"https:\/\/krecklow.de\/goalunited\/wp-json\/wp\/v2\/users\/2"}],"replies":[{"embeddable":true,"href":"https:\/\/krecklow.de\/goalunited\/wp-json\/wp\/v2\/comments?post=362"}],"version-history":[{"count":0,"href":"https:\/\/krecklow.de\/goalunited\/wp-json\/wp\/v2\/pages\/362\/revisions"}],"up":[{"embeddable":true,"href":"https:\/\/krecklow.de\/goalunited\/wp-json\/wp\/v2\/pages\/520"}],"wp:attachment":[{"href":"https:\/\/krecklow.de\/goalunited\/wp-json\/wp\/v2\/media?parent=362"}],"curies":[{"name":"wp","href":"https:\/\/api.w.org\/{rel}","templated":true}]}}