{"id":300,"date":"2012-07-17T17:33:54","date_gmt":"2012-07-17T15:33:54","guid":{"rendered":"http:\/\/krecklow.de\/goalunited\/?page_id=300"},"modified":"2017-12-13T16:03:27","modified_gmt":"2017-12-13T14:03:27","slug":"nr-9-teodor","status":"publish","type":"page","link":"https:\/\/krecklow.de\/goalunited\/abknicker-of-fame\/nr-9-teodor\/","title":{"rendered":"Nr. 11 &#8211; Macek"},"content":{"rendered":"<p>unsere Nummer 11:<\/p>\n<p>Macek wurde am 23.03. f\u00fcr eine Abl\u00f6se von 3,4Mio EUR aus Rum\u00e4nien verpflichtet. Macek f\u00fcllt die\u00a0 Fu\u00dfstapfen vom Torbomba Lomba aus. Seit der 15. Saison ist Macek Stammspieler!<\/p>\n<p>Macek hat nach einer Odyssee \u00fcber die FootFighters, Abknicker Reloaded und Mad Fighters den Weg zum 3. Abknicker Verein, Revolution gefunden. Hier wird er zum Opa ausgebildet!<\/p>\n<p><a href=\"https:\/\/krecklow.de\/goalunited\/?attachment_id=3716\" rel=\"attachment wp-att-3716\"><img loading=\"lazy\" decoding=\"async\" class=\"aligncenter size-full wp-image-3716\" src=\"https:\/\/krecklow.de\/goalunited\/wp-content\/uploads\/2017\/12\/macek.png\" alt=\"\" width=\"783\" height=\"872\" srcset=\"https:\/\/krecklow.de\/goalunited\/wp-content\/uploads\/2017\/12\/macek.png 783w, https:\/\/krecklow.de\/goalunited\/wp-content\/uploads\/2017\/12\/macek-269x300.png 269w, https:\/\/krecklow.de\/goalunited\/wp-content\/uploads\/2017\/12\/macek-768x855.png 768w\" sizes=\"auto, (max-width: 783px) 100vw, 783px\" \/><\/a><\/p>\n<p>Hier seine Feldskills zu den Geburtstagen:<\/p>\n<table width=\"630\">\n<tbody>\n<tr>\n<td width=\"80\">Macek<\/td>\n<td width=\"70\">aggressiv<\/td>\n<td width=\"34\">18<\/td>\n<td width=\"31\">16<\/td>\n<td width=\"26\">3<\/td>\n<td width=\"23\">11<\/td>\n<td width=\"31\">21<\/td>\n<td width=\"23\">31<\/td>\n<td width=\"23\">18<\/td>\n<td width=\"63\">81<\/td>\n<td width=\"86\">81<\/td>\n<td width=\"35\">11<\/td>\n<td width=\"36\">21<\/td>\n<td width=\"33\">31<\/td>\n<td width=\"36\">18<\/td>\n<\/tr>\n<tr>\n<td>Macek<\/td>\n<td>aggressiv<\/td>\n<td>19<\/td>\n<td>21<\/td>\n<td>3<\/td>\n<td>17<\/td>\n<td>32<\/td>\n<td>38<\/td>\n<td>37<\/td>\n<td>124<\/td>\n<td>43<\/td>\n<td>6<\/td>\n<td>11<\/td>\n<td>7<\/td>\n<td>19<\/td>\n<\/tr>\n<tr>\n<td>Macek<\/td>\n<td>aggressiv<\/td>\n<td>20<\/td>\n<td>31<\/td>\n<td>3<\/td>\n<td>32<\/td>\n<td>46<\/td>\n<td>48<\/td>\n<td>47<\/td>\n<td>173<\/td>\n<td>49<\/td>\n<td>15<\/td>\n<td>14<\/td>\n<td>10<\/td>\n<td>10<\/td>\n<\/tr>\n<tr>\n<td>Macek<\/td>\n<td>aggressiv<\/td>\n<td>21<\/td>\n<td>36<\/td>\n<td>3<\/td>\n<td>39<\/td>\n<td>52<\/td>\n<td>56<\/td>\n<td>55<\/td>\n<td>202<\/td>\n<td>29<\/td>\n<td>7<\/td>\n<td>6<\/td>\n<td>8<\/td>\n<td>8<\/td>\n<\/tr>\n<tr>\n<td>Macek<\/td>\n<td>aggressiv<\/td>\n<td>22<\/td>\n<td>43<\/td>\n<td>3<\/td>\n<td>52<\/td>\n<td>61<\/td>\n<td>68<\/td>\n<td>64<\/td>\n<td>245<\/td>\n<td>43<\/td>\n<td>13<\/td>\n<td>9<\/td>\n<td>12<\/td>\n<td>9<\/td>\n<\/tr>\n<tr>\n<td>Macek<\/td>\n<td>aggressiv<\/td>\n<td>23<\/td>\n<td>51<\/td>\n<td>3<\/td>\n<td>67<\/td>\n<td>68<\/td>\n<td>74<\/td>\n<td>72<\/td>\n<td>281<\/td>\n<td>36<\/td>\n<td>15<\/td>\n<td>7<\/td>\n<td>6<\/td>\n<td>8<\/td>\n<\/tr>\n<tr>\n<td>Macek<\/td>\n<td>aggressiv<\/td>\n<td>24<\/td>\n<td>62<\/td>\n<td>3<\/td>\n<td>73<\/td>\n<td>74<\/td>\n<td>80<\/td>\n<td>84<\/td>\n<td>311<\/td>\n<td>30<\/td>\n<td>6<\/td>\n<td>6<\/td>\n<td>6<\/td>\n<td>12<\/td>\n<\/tr>\n<tr>\n<td width=\"80\">Macek<\/td>\n<td>aggressiv<\/td>\n<td>25<\/td>\n<td>85<\/td>\n<td>3<\/td>\n<td>77<\/td>\n<td>80<\/td>\n<td>87<\/td>\n<td>91<\/td>\n<td>335<\/td>\n<td>24<\/td>\n<td>4<\/td>\n<td>6<\/td>\n<td>7<\/td>\n<td>7<\/td>\n<\/tr>\n<tr>\n<td>Macek<\/td>\n<td>aggressiv<\/td>\n<td>26<\/td>\n<td>100<\/td>\n<td>3<\/td>\n<td>80<\/td>\n<td>87<\/td>\n<td>91<\/td>\n<td>94<\/td>\n<td>352<\/td>\n<td>17<\/td>\n<td>3<\/td>\n<td>7<\/td>\n<td>4<\/td>\n<td>3<\/td>\n<\/tr>\n<tr>\n<td width=\"80\">Macek<\/td>\n<td>aggressiv<\/td>\n<td>27<\/td>\n<td>100<\/td>\n<td>3<\/td>\n<td>83<\/td>\n<td>91<\/td>\n<td>94<\/td>\n<td>96<\/td>\n<td>364<\/td>\n<td>12<\/td>\n<td>3<\/td>\n<td>4<\/td>\n<td>3<\/td>\n<td>2<\/td>\n<\/tr>\n<tr>\n<td>Macek<\/td>\n<td>aggressiv<\/td>\n<td>28<\/td>\n<td>100<\/td>\n<td>3<\/td>\n<td>85<\/td>\n<td>94<\/td>\n<td>95<\/td>\n<td>97<\/td>\n<td>371<\/td>\n<td>7<\/td>\n<td>2<\/td>\n<td>3<\/td>\n<td>1<\/td>\n<td>1<\/td>\n<\/tr>\n<tr>\n<td width=\"80\">Macek<\/td>\n<td>aggressiv<\/td>\n<td>29<\/td>\n<td>100<\/td>\n<td>3<\/td>\n<td>86<\/td>\n<td>95<\/td>\n<td>96<\/td>\n<td>98<\/td>\n<td>375<\/td>\n<td>4<\/td>\n<td>1<\/td>\n<td>1<\/td>\n<td>1<\/td>\n<td>1<\/td>\n<\/tr>\n<tr>\n<td>Macek<\/td>\n<td>aggressiv<\/td>\n<td>30<\/td>\n<td>100<\/td>\n<td>3<\/td>\n<td>86<\/td>\n<td>96<\/td>\n<td>96<\/td>\n<td>98<\/td>\n<td>376<\/td>\n<td>1<\/td>\n<td>0<\/td>\n<td>1<\/td>\n<td>0<\/td>\n<td>0<\/td>\n<\/tr>\n<tr>\n<td width=\"80\">Macek<\/td>\n<td>aggressiv<\/td>\n<td>31<\/td>\n<td>100<\/td>\n<td>3<\/td>\n<td>86<\/td>\n<td>96<\/td>\n<td>96<\/td>\n<td>98<\/td>\n<td>376<\/td>\n<td>0<\/td>\n<td>0<\/td>\n<td>0<\/td>\n<td>0<\/td>\n<td>0<\/td>\n<\/tr>\n<\/tbody>\n<\/table>\n<p>15.05.2015<\/p>\n<p><a href=\"https:\/\/krecklow.de\/goalunited\/wp-content\/uploads\/2012\/07\/2015-05-15_094703.png\"><img loading=\"lazy\" decoding=\"async\" class=\"aligncenter size-full wp-image-2524\" src=\"https:\/\/krecklow.de\/goalunited\/wp-content\/uploads\/2012\/07\/2015-05-15_094703.png\" alt=\"2015-05-15_094703\" width=\"560\" height=\"622\" srcset=\"https:\/\/krecklow.de\/goalunited\/wp-content\/uploads\/2012\/07\/2015-05-15_094703.png 560w, https:\/\/krecklow.de\/goalunited\/wp-content\/uploads\/2012\/07\/2015-05-15_094703-270x300.png 270w\" sizes=\"auto, (max-width: 560px) 100vw, 560px\" \/><\/a><\/p>\n<p>23.12.2014<\/p>\n<p><a href=\"https:\/\/krecklow.de\/goalunited\/wp-content\/uploads\/2012\/07\/112.jpg\"><img loading=\"lazy\" decoding=\"async\" class=\"aligncenter size-full wp-image-2012\" src=\"https:\/\/krecklow.de\/goalunited\/wp-content\/uploads\/2012\/07\/112.jpg\" alt=\"11\" width=\"609\" height=\"683\" srcset=\"https:\/\/krecklow.de\/goalunited\/wp-content\/uploads\/2012\/07\/112.jpg 609w, https:\/\/krecklow.de\/goalunited\/wp-content\/uploads\/2012\/07\/112-267x300.jpg 267w\" sizes=\"auto, (max-width: 609px) 100vw, 609px\" \/><\/a>Stand 01.11.2013:<\/p>\n<p><a href=\"https:\/\/krecklow.de\/goalunited\/wp-content\/uploads\/2012\/07\/82.jpg\"><img loading=\"lazy\" decoding=\"async\" class=\"aligncenter size-full wp-image-1454\" src=\"https:\/\/krecklow.de\/goalunited\/wp-content\/uploads\/2012\/07\/82.jpg\" alt=\"8\" width=\"622\" height=\"704\" srcset=\"https:\/\/krecklow.de\/goalunited\/wp-content\/uploads\/2012\/07\/82.jpg 622w, https:\/\/krecklow.de\/goalunited\/wp-content\/uploads\/2012\/07\/82-265x300.jpg 265w\" sizes=\"auto, (max-width: 622px) 100vw, 622px\" \/><\/a>Stand 19.02.2013<\/p>\n<p><a href=\"https:\/\/krecklow.de\/goalunited\/wp-content\/uploads\/2012\/07\/2013-02-19_170043.jpg\"><img loading=\"lazy\" decoding=\"async\" class=\"aligncenter size-full wp-image-954\" src=\"https:\/\/krecklow.de\/goalunited\/wp-content\/uploads\/2012\/07\/2013-02-19_170043.jpg\" alt=\"2013-02-19_170043\" width=\"583\" height=\"659\" srcset=\"https:\/\/krecklow.de\/goalunited\/wp-content\/uploads\/2012\/07\/2013-02-19_170043.jpg 583w, https:\/\/krecklow.de\/goalunited\/wp-content\/uploads\/2012\/07\/2013-02-19_170043-265x300.jpg 265w\" sizes=\"auto, (max-width: 583px) 100vw, 583px\" \/><\/a><a href=\"https:\/\/krecklow.de\/goalunited\/wp-content\/uploads\/2012\/07\/teod.jpg\"><img loading=\"lazy\" decoding=\"async\" title=\"teod\" src=\"https:\/\/krecklow.de\/goalunited\/wp-content\/uploads\/2012\/07\/teod.jpg\" alt=\"\" width=\"572\" height=\"638\" \/><\/a><\/p>\n<p style=\"text-align: justify;\">\n","protected":false},"excerpt":{"rendered":"<p>unsere Nummer 11: Macek wurde am 23.03. f\u00fcr eine Abl\u00f6se von 3,4Mio EUR aus Rum\u00e4nien verpflichtet. Macek f\u00fcllt die\u00a0 Fu\u00dfstapfen vom Torbomba Lomba aus. Seit der 15. Saison ist Macek Stammspieler! Macek hat nach einer Odyssee \u00fcber die FootFighters, Abknicker &hellip; <a href=\"https:\/\/krecklow.de\/goalunited\/abknicker-of-fame\/nr-9-teodor\/\">Weiterlesen <span class=\"meta-nav\">&rarr;<\/span><\/a><\/p>\n","protected":false},"author":2,"featured_media":0,"parent":520,"menu_order":0,"comment_status":"open","ping_status":"closed","template":"","meta":{"footnotes":""},"class_list":["post-300","page","type-page","status-publish","hentry"],"aioseo_notices":[],"_links":{"self":[{"href":"https:\/\/krecklow.de\/goalunited\/wp-json\/wp\/v2\/pages\/300","targetHints":{"allow":["GET"]}}],"collection":[{"href":"https:\/\/krecklow.de\/goalunited\/wp-json\/wp\/v2\/pages"}],"about":[{"href":"https:\/\/krecklow.de\/goalunited\/wp-json\/wp\/v2\/types\/page"}],"author":[{"embeddable":true,"href":"https:\/\/krecklow.de\/goalunited\/wp-json\/wp\/v2\/users\/2"}],"replies":[{"embeddable":true,"href":"https:\/\/krecklow.de\/goalunited\/wp-json\/wp\/v2\/comments?post=300"}],"version-history":[{"count":7,"href":"https:\/\/krecklow.de\/goalunited\/wp-json\/wp\/v2\/pages\/300\/revisions"}],"predecessor-version":[{"id":3717,"href":"https:\/\/krecklow.de\/goalunited\/wp-json\/wp\/v2\/pages\/300\/revisions\/3717"}],"up":[{"embeddable":true,"href":"https:\/\/krecklow.de\/goalunited\/wp-json\/wp\/v2\/pages\/520"}],"wp:attachment":[{"href":"https:\/\/krecklow.de\/goalunited\/wp-json\/wp\/v2\/media?parent=300"}],"curies":[{"name":"wp","href":"https:\/\/api.w.org\/{rel}","templated":true}]}}