{"id":289,"date":"2012-07-17T17:08:32","date_gmt":"2012-07-17T15:08:32","guid":{"rendered":"http:\/\/krecklow.de\/goalunited\/?page_id=289"},"modified":"2014-11-20T16:36:33","modified_gmt":"2014-11-20T14:36:33","slug":"nr-4-yuce","status":"publish","type":"page","link":"https:\/\/krecklow.de\/goalunited\/abknicker-of-fame\/nr-4-yuce\/","title":{"rendered":"Nr. 02 &#8211; Y\u00fcce"},"content":{"rendered":"<p>unsere Nummer 2:<\/p>\n<p>13.11.2014<\/p>\n<p><a href=\"https:\/\/krecklow.de\/goalunited\/wp-content\/uploads\/2014\/11\/sahinbas.jpg\"><img loading=\"lazy\" decoding=\"async\" class=\"aligncenter size-full wp-image-1959\" src=\"https:\/\/krecklow.de\/goalunited\/wp-content\/uploads\/2014\/11\/sahinbas.jpg\" alt=\"sahinbas\" width=\"559\" height=\"622\" srcset=\"https:\/\/krecklow.de\/goalunited\/wp-content\/uploads\/2014\/11\/sahinbas.jpg 559w, https:\/\/krecklow.de\/goalunited\/wp-content\/uploads\/2014\/11\/sahinbas-269x300.jpg 269w\" sizes=\"auto, (max-width: 559px) 100vw, 559px\" \/><\/a><\/p>\n<p>03.09.2013<\/p>\n<p><a href=\"https:\/\/krecklow.de\/goalunited\/wp-content\/uploads\/2012\/07\/2.jpg\"><img loading=\"lazy\" decoding=\"async\" class=\"aligncenter size-full wp-image-1382\" src=\"https:\/\/krecklow.de\/goalunited\/wp-content\/uploads\/2012\/07\/2.jpg\" alt=\"2\" width=\"580\" height=\"641\" srcset=\"https:\/\/krecklow.de\/goalunited\/wp-content\/uploads\/2012\/07\/2.jpg 580w, https:\/\/krecklow.de\/goalunited\/wp-content\/uploads\/2012\/07\/2-271x300.jpg 271w\" sizes=\"auto, (max-width: 580px) 100vw, 580px\" \/><\/a><\/p>\n<p>14.05.2013<\/p>\n<p><a href=\"https:\/\/krecklow.de\/goalunited\/wp-content\/uploads\/2012\/07\/41.jpg\"><img loading=\"lazy\" decoding=\"async\" class=\"aligncenter size-full wp-image-1114\" src=\"https:\/\/krecklow.de\/goalunited\/wp-content\/uploads\/2012\/07\/41.jpg\" alt=\"4\" width=\"575\" height=\"648\" srcset=\"https:\/\/krecklow.de\/goalunited\/wp-content\/uploads\/2012\/07\/41.jpg 575w, https:\/\/krecklow.de\/goalunited\/wp-content\/uploads\/2012\/07\/41-266x300.jpg 266w\" sizes=\"auto, (max-width: 575px) 100vw, 575px\" \/><\/a>15.01.2013<\/p>\n<p><a href=\"https:\/\/krecklow.de\/goalunited\/wp-content\/uploads\/2012\/07\/4.jpg\"><img loading=\"lazy\" decoding=\"async\" class=\"aligncenter size-full wp-image-839\" src=\"https:\/\/krecklow.de\/goalunited\/wp-content\/uploads\/2012\/07\/4.jpg\" alt=\"4\" width=\"571\" height=\"639\" srcset=\"https:\/\/krecklow.de\/goalunited\/wp-content\/uploads\/2012\/07\/4.jpg 571w, https:\/\/krecklow.de\/goalunited\/wp-content\/uploads\/2012\/07\/4-268x300.jpg 268w\" sizes=\"auto, (max-width: 571px) 100vw, 571px\" \/><\/a><a href=\"https:\/\/krecklow.de\/goalunited\/wp-content\/uploads\/2012\/07\/y\u00fcce.jpg\"><img loading=\"lazy\" decoding=\"async\" title=\"y\u00fcce\" src=\"https:\/\/krecklow.de\/goalunited\/wp-content\/uploads\/2012\/07\/y\u00fcce.jpg\" alt=\"\" width=\"570\" height=\"641\" \/><\/a><\/p>\n<p style=\"text-align: justify;\">Sahinbas wurde als 19j\u00e4hriger f\u00fcr 18,5Mio Euro verpflichtet. Damals, Ende der 5. Saison (Jan. 2012) waren seine Skills ZW75, SP28, PA19, TO16.<\/p>\n<p>Seine Feldskillsumme zu den Geburtstagen:<\/p>\n<ul>\n<li>zum 20. Geburtstag: 157 (78,36,24,19)<\/li>\n<li>zum 21. Geburtsag: 190<\/li>\n<li>zum 22. Geburtstag: 225<\/li>\n<li>zum 23. Geburtstag: 257<\/li>\n<li>zum 24. Geburtstag: 283<\/li>\n<li>zum 25. Geburtstag: 306<\/li>\n<li>zum 26. Geburtstag: 325<\/li>\n<li>zum 27. Geburtstag: 343<\/li>\n<li>zum 28. Geburtstag: 352<\/li>\n<li>zum 29. Geburtstag: 358<\/li>\n<li>zum 30. Geburtstag: 362<\/li>\n<li>zum 31. Geburtstag: 364<\/li>\n<\/ul>\n<p>Y\u00fcce wurde am 15.11. f\u00fcr 17 Mio nach Russland verkauft. Eine Aufnahme in die Abknicker of Fame Ruhmeshalle ist ihm sicher. Er kam auf 311 Eins\u00e4tze und erzielte dabei 83 Tore.<\/p>\n","protected":false},"excerpt":{"rendered":"<p>unsere Nummer 2: 13.11.2014 03.09.2013 14.05.2013 15.01.2013 Sahinbas wurde als 19j\u00e4hriger f\u00fcr 18,5Mio Euro verpflichtet. Damals, Ende der 5. Saison (Jan. 2012) waren seine Skills ZW75, SP28, PA19, TO16. Seine Feldskillsumme zu den Geburtstagen: zum 20. Geburtstag: 157 (78,36,24,19) zum &hellip; <a href=\"https:\/\/krecklow.de\/goalunited\/abknicker-of-fame\/nr-4-yuce\/\">Weiterlesen <span class=\"meta-nav\">&rarr;<\/span><\/a><\/p>\n","protected":false},"author":2,"featured_media":0,"parent":520,"menu_order":0,"comment_status":"open","ping_status":"closed","template":"","meta":{"footnotes":""},"class_list":["post-289","page","type-page","status-publish","hentry"],"aioseo_notices":[],"_links":{"self":[{"href":"https:\/\/krecklow.de\/goalunited\/wp-json\/wp\/v2\/pages\/289","targetHints":{"allow":["GET"]}}],"collection":[{"href":"https:\/\/krecklow.de\/goalunited\/wp-json\/wp\/v2\/pages"}],"about":[{"href":"https:\/\/krecklow.de\/goalunited\/wp-json\/wp\/v2\/types\/page"}],"author":[{"embeddable":true,"href":"https:\/\/krecklow.de\/goalunited\/wp-json\/wp\/v2\/users\/2"}],"replies":[{"embeddable":true,"href":"https:\/\/krecklow.de\/goalunited\/wp-json\/wp\/v2\/comments?post=289"}],"version-history":[{"count":2,"href":"https:\/\/krecklow.de\/goalunited\/wp-json\/wp\/v2\/pages\/289\/revisions"}],"predecessor-version":[{"id":1973,"href":"https:\/\/krecklow.de\/goalunited\/wp-json\/wp\/v2\/pages\/289\/revisions\/1973"}],"up":[{"embeddable":true,"href":"https:\/\/krecklow.de\/goalunited\/wp-json\/wp\/v2\/pages\/520"}],"wp:attachment":[{"href":"https:\/\/krecklow.de\/goalunited\/wp-json\/wp\/v2\/media?parent=289"}],"curies":[{"name":"wp","href":"https:\/\/api.w.org\/{rel}","templated":true}]}}