{"id":287,"date":"2012-07-17T17:06:16","date_gmt":"2012-07-17T15:06:16","guid":{"rendered":"http:\/\/krecklow.de\/goalunited\/?page_id=287"},"modified":"2014-07-13T09:48:51","modified_gmt":"2014-07-13T07:48:51","slug":"nr-6-patti","status":"publish","type":"page","link":"https:\/\/krecklow.de\/goalunited\/abknicker-of-fame\/nr-6-patti\/","title":{"rendered":"Nr. 06 &#8211; Patti"},"content":{"rendered":"<p>Die Nummer 6 bei den Abknickern tr\u00e4gt Kasper &#8222;Patti&#8220; Steinhauer:<\/p>\n<p>13.07.2014<\/p>\n<p><a href=\"https:\/\/krecklow.de\/goalunited\/wp-content\/uploads\/2014\/07\/2014-07-13_092521.jpg\"><img loading=\"lazy\" decoding=\"async\" class=\"aligncenter size-full wp-image-1813\" src=\"https:\/\/krecklow.de\/goalunited\/wp-content\/uploads\/2014\/07\/2014-07-13_092521.jpg\" alt=\"2014-07-13_092521\" width=\"627\" height=\"686\" srcset=\"https:\/\/krecklow.de\/goalunited\/wp-content\/uploads\/2014\/07\/2014-07-13_092521.jpg 627w, https:\/\/krecklow.de\/goalunited\/wp-content\/uploads\/2014\/07\/2014-07-13_092521-274x300.jpg 274w\" sizes=\"auto, (max-width: 627px) 100vw, 627px\" \/><\/a><\/p>\n<p>Patti war zarte 17 Jahre, als er im Jugendteam der Abknicker auftauchte. Manager Stanky war gleich klar, dass dieser eine Perle in der Jugend und auch im zuk\u00fcnftigem Abknickerteam werden wird. Daher wurde er von Beginn an gef\u00f6rdert und gefordert. Eine Woche vor dem 18. Geburtstag, Anfang Mai 2011 (3. Saison) wurde er ins Profiteam \u00fcbernommen. Mittlerweile hat er sich als Stammkraft im linken Mittelfeld erwiesen, jedoch f\u00fchlt er sich auch in zentraler Rolle sehr wohl. Patti wird seine Karriere bei den Abknickern beenden. Am 13.07. wurde Patti f\u00fcr 14 Mio verkauft. Er absolvierte 364 Spiele und erzielte dabei 72 Tore.<\/p>\n<p>03.09.2013<\/p>\n<p><a href=\"https:\/\/krecklow.de\/goalunited\/wp-content\/uploads\/2012\/07\/62.jpg\"><img loading=\"lazy\" decoding=\"async\" class=\"aligncenter size-full wp-image-1394\" src=\"https:\/\/krecklow.de\/goalunited\/wp-content\/uploads\/2012\/07\/62.jpg\" alt=\"6\" width=\"578\" height=\"641\" srcset=\"https:\/\/krecklow.de\/goalunited\/wp-content\/uploads\/2012\/07\/62.jpg 578w, https:\/\/krecklow.de\/goalunited\/wp-content\/uploads\/2012\/07\/62-270x300.jpg 270w\" sizes=\"auto, (max-width: 578px) 100vw, 578px\" \/><\/a>14.05.2013<\/p>\n<p><a href=\"https:\/\/krecklow.de\/goalunited\/wp-content\/uploads\/2012\/07\/61.jpg\"><img loading=\"lazy\" decoding=\"async\" class=\"aligncenter size-full wp-image-1118\" src=\"https:\/\/krecklow.de\/goalunited\/wp-content\/uploads\/2012\/07\/61.jpg\" alt=\"6\" width=\"575\" height=\"649\" srcset=\"https:\/\/krecklow.de\/goalunited\/wp-content\/uploads\/2012\/07\/61.jpg 575w, https:\/\/krecklow.de\/goalunited\/wp-content\/uploads\/2012\/07\/61-265x300.jpg 265w\" sizes=\"auto, (max-width: 575px) 100vw, 575px\" \/><\/a>15.01.2013<\/p>\n<p><a href=\"https:\/\/krecklow.de\/goalunited\/wp-content\/uploads\/2012\/07\/6.jpg\"><img loading=\"lazy\" decoding=\"async\" class=\"aligncenter size-full wp-image-843\" src=\"https:\/\/krecklow.de\/goalunited\/wp-content\/uploads\/2012\/07\/6.jpg\" alt=\"6\" width=\"564\" height=\"639\" srcset=\"https:\/\/krecklow.de\/goalunited\/wp-content\/uploads\/2012\/07\/6.jpg 564w, https:\/\/krecklow.de\/goalunited\/wp-content\/uploads\/2012\/07\/6-264x300.jpg 264w\" sizes=\"auto, (max-width: 564px) 100vw, 564px\" \/><\/a><a href=\"https:\/\/krecklow.de\/goalunited\/wp-content\/uploads\/2012\/07\/patti.jpg\"><img loading=\"lazy\" decoding=\"async\" title=\"patti\" src=\"https:\/\/krecklow.de\/goalunited\/wp-content\/uploads\/2012\/07\/patti.jpg\" alt=\"\" width=\"570\" height=\"642\" \/><\/a><\/p>\n<p style=\"text-align: justify;\">Seine Feldskills zu den Geburtstagen:<\/p>\n<ul>\n<li>zum 18. Geburtstag: 88<\/li>\n<li>zum 19. Geburtstag: 129<\/li>\n<li>zum 20. Geburtstag: 162<\/li>\n<li>zum 21. Geburtstag: 192<\/li>\n<li>zum 22. Geburtstag: 220<\/li>\n<li>zum 23. Geburtstag: 250<\/li>\n<li>zum 24. Geburtstag: 275<\/li>\n<li>zum 25. Geburtstag: 299<\/li>\n<li>zum 26. Geburtstag: 317<\/li>\n<li>zum 27. Geburtstag: 333<\/li>\n<li>zum 28. Geburtstag: 346<\/li>\n<li>zum 29. Geburtstag: 353<\/li>\n<li>zum 30. Geburtstag: 357<\/li>\n<li>zum 31. Geburtstag: 358<\/li>\n<li>zum 32. Geburtstag: 358<\/li>\n<\/ul>\n<table width=\"667\">\n<tbody>\n<tr>\n<td width=\"81\">Steinhauer<\/td>\n<td width=\"70\">unflex<\/td>\n<td width=\"36\">18<\/td>\n<td width=\"34\">11<\/td>\n<td width=\"29\">2<\/td>\n<td width=\"26\">14<\/td>\n<td width=\"34\">24<\/td>\n<td width=\"26\">31<\/td>\n<td width=\"34\">19<\/td>\n<td width=\"54\">88<\/td>\n<td width=\"95\"><\/td>\n<td width=\"37\"><\/td>\n<td width=\"38\"><\/td>\n<td width=\"35\"><\/td>\n<td width=\"38\"><\/td>\n<\/tr>\n<tr>\n<td>Steinhauer<\/td>\n<td>unflex<\/td>\n<td>19<\/td>\n<td>23<\/td>\n<td>2<\/td>\n<td>20<\/td>\n<td>44<\/td>\n<td>37<\/td>\n<td>25<\/td>\n<td>126<\/td>\n<td>38<\/td>\n<td>6<\/td>\n<td>20<\/td>\n<td>6<\/td>\n<td>6<\/td>\n<\/tr>\n<tr>\n<td>Steinhauer<\/td>\n<td>unflex<\/td>\n<td>20<\/td>\n<td>33<\/td>\n<td>2<\/td>\n<td>24<\/td>\n<td>60<\/td>\n<td>47<\/td>\n<td>31<\/td>\n<td>162<\/td>\n<td>36<\/td>\n<td>4<\/td>\n<td>16<\/td>\n<td>10<\/td>\n<td>6<\/td>\n<\/tr>\n<tr>\n<td>Steinhauer<\/td>\n<td>unflex<\/td>\n<td>21<\/td>\n<td>43<\/td>\n<td>2<\/td>\n<td>31<\/td>\n<td>71<\/td>\n<td>51<\/td>\n<td>34<\/td>\n<td>192<\/td>\n<td>30<\/td>\n<td>7<\/td>\n<td>11<\/td>\n<td>4<\/td>\n<td>3<\/td>\n<\/tr>\n<tr>\n<td>Steinhauer<\/td>\n<td>unflex<\/td>\n<td>22<\/td>\n<td>59<\/td>\n<td>2<\/td>\n<td>39<\/td>\n<td>79<\/td>\n<td>61<\/td>\n<td>41<\/td>\n<td>220<\/td>\n<td>28<\/td>\n<td>8<\/td>\n<td>8<\/td>\n<td>10<\/td>\n<td>7<\/td>\n<\/tr>\n<tr>\n<td>Steinhauer<\/td>\n<td>unflex<\/td>\n<td>23<\/td>\n<td>73<\/td>\n<td>1<\/td>\n<td>47<\/td>\n<td>85<\/td>\n<td>67<\/td>\n<td>51<\/td>\n<td>250<\/td>\n<td>30<\/td>\n<td>8<\/td>\n<td>6<\/td>\n<td>6<\/td>\n<td>10<\/td>\n<\/tr>\n<tr>\n<td>Steinhauer<\/td>\n<td>unflex<\/td>\n<td>24<\/td>\n<td>85<\/td>\n<td>2<\/td>\n<td>52<\/td>\n<td>91<\/td>\n<td>78<\/td>\n<td>54<\/td>\n<td>275<\/td>\n<td>25<\/td>\n<td>5<\/td>\n<td>6<\/td>\n<td>11<\/td>\n<td>3<\/td>\n<\/tr>\n<tr>\n<td>Steinhauer<\/td>\n<td>unflex<\/td>\n<td>25<\/td>\n<td>96<\/td>\n<td>2<\/td>\n<td>59<\/td>\n<td>95<\/td>\n<td>85<\/td>\n<td>60<\/td>\n<td>299<\/td>\n<td>24<\/td>\n<td>7<\/td>\n<td>4<\/td>\n<td>7<\/td>\n<td>6<\/td>\n<\/tr>\n<tr>\n<td>Steinhauer<\/td>\n<td>unflex<\/td>\n<td>26<\/td>\n<td>100<\/td>\n<td>2<\/td>\n<td>66<\/td>\n<td>96<\/td>\n<td>89<\/td>\n<td>66<\/td>\n<td>317<\/td>\n<td>18<\/td>\n<td>7<\/td>\n<td>1<\/td>\n<td>4<\/td>\n<td>6<\/td>\n<\/tr>\n<tr>\n<td>Steinhauer<\/td>\n<td>unflex<\/td>\n<td>27<\/td>\n<td>100<\/td>\n<td>2<\/td>\n<td>72<\/td>\n<td>97<\/td>\n<td>93<\/td>\n<td>71<\/td>\n<td>333<\/td>\n<td>16<\/td>\n<td>6<\/td>\n<td>1<\/td>\n<td>4<\/td>\n<td>5<\/td>\n<\/tr>\n<tr>\n<td>Steinhauer<\/td>\n<td>unflex<\/td>\n<td>28<\/td>\n<td>100<\/td>\n<td>2<\/td>\n<td>77<\/td>\n<td>98<\/td>\n<td>94<\/td>\n<td>77<\/td>\n<td>346<\/td>\n<td>13<\/td>\n<td>5<\/td>\n<td>1<\/td>\n<td>1<\/td>\n<td>6<\/td>\n<\/tr>\n<tr>\n<td>Steinhauer<\/td>\n<td>unflex<\/td>\n<td>29<\/td>\n<td>100<\/td>\n<td>2<\/td>\n<td>80<\/td>\n<td>98<\/td>\n<td>95<\/td>\n<td>80<\/td>\n<td>353<\/td>\n<td>7<\/td>\n<td>3<\/td>\n<td>0<\/td>\n<td>1<\/td>\n<td>3<\/td>\n<\/tr>\n<tr>\n<td>Steinhauer<\/td>\n<td>unflex<\/td>\n<td>30<\/td>\n<td>100<\/td>\n<td>2<\/td>\n<td>81<\/td>\n<td>98<\/td>\n<td>96<\/td>\n<td>82<\/td>\n<td>357<\/td>\n<td>4<\/td>\n<td>1<\/td>\n<td>0<\/td>\n<td>1<\/td>\n<td>2<\/td>\n<\/tr>\n<tr>\n<td>Steinhauer<\/td>\n<td>unflex<\/td>\n<td>31<\/td>\n<td>100<\/td>\n<td>2<\/td>\n<td>82<\/td>\n<td>98<\/td>\n<td>96<\/td>\n<td>82<\/td>\n<td>358<\/td>\n<td>1<\/td>\n<td>1<\/td>\n<td>0<\/td>\n<td>0<\/td>\n<td>0<\/td>\n<\/tr>\n<tr>\n<td>Steinhauer<\/td>\n<td>unflex<\/td>\n<td>32<\/td>\n<td>100<\/td>\n<td>2<\/td>\n<td>82<\/td>\n<td>98<\/td>\n<td>96<\/td>\n<td>82<\/td>\n<td>358<\/td>\n<td>0<\/td>\n<td>0<\/td>\n<td>0<\/td>\n<td>0<\/td>\n<td>0<\/td>\n<\/tr>\n<\/tbody>\n<\/table>\n","protected":false},"excerpt":{"rendered":"<p>Die Nummer 6 bei den Abknickern tr\u00e4gt Kasper &#8222;Patti&#8220; Steinhauer: 13.07.2014 Patti war zarte 17 Jahre, als er im Jugendteam der Abknicker auftauchte. Manager Stanky war gleich klar, dass dieser eine Perle in der Jugend und auch im zuk\u00fcnftigem Abknickerteam &hellip; <a href=\"https:\/\/krecklow.de\/goalunited\/abknicker-of-fame\/nr-6-patti\/\">Weiterlesen <span class=\"meta-nav\">&rarr;<\/span><\/a><\/p>\n","protected":false},"author":2,"featured_media":0,"parent":520,"menu_order":0,"comment_status":"open","ping_status":"closed","template":"","meta":{"footnotes":""},"class_list":["post-287","page","type-page","status-publish","hentry"],"aioseo_notices":[],"_links":{"self":[{"href":"https:\/\/krecklow.de\/goalunited\/wp-json\/wp\/v2\/pages\/287","targetHints":{"allow":["GET"]}}],"collection":[{"href":"https:\/\/krecklow.de\/goalunited\/wp-json\/wp\/v2\/pages"}],"about":[{"href":"https:\/\/krecklow.de\/goalunited\/wp-json\/wp\/v2\/types\/page"}],"author":[{"embeddable":true,"href":"https:\/\/krecklow.de\/goalunited\/wp-json\/wp\/v2\/users\/2"}],"replies":[{"embeddable":true,"href":"https:\/\/krecklow.de\/goalunited\/wp-json\/wp\/v2\/comments?post=287"}],"version-history":[{"count":2,"href":"https:\/\/krecklow.de\/goalunited\/wp-json\/wp\/v2\/pages\/287\/revisions"}],"predecessor-version":[{"id":1816,"href":"https:\/\/krecklow.de\/goalunited\/wp-json\/wp\/v2\/pages\/287\/revisions\/1816"}],"up":[{"embeddable":true,"href":"https:\/\/krecklow.de\/goalunited\/wp-json\/wp\/v2\/pages\/520"}],"wp:attachment":[{"href":"https:\/\/krecklow.de\/goalunited\/wp-json\/wp\/v2\/media?parent=287"}],"curies":[{"name":"wp","href":"https:\/\/api.w.org\/{rel}","templated":true}]}}