{"id":2716,"date":"2015-07-13T15:32:17","date_gmt":"2015-07-13T13:32:17","guid":{"rendered":"http:\/\/krecklow.de\/goalunited\/?page_id=2716"},"modified":"2018-05-14T10:43:13","modified_gmt":"2018-05-14T08:43:13","slug":"nr-22-ptacek","status":"publish","type":"page","link":"https:\/\/krecklow.de\/goalunited\/abknicker-of-fame\/nr-22-ptacek\/","title":{"rendered":"Nr. 05 &#8211; Ptacek"},"content":{"rendered":"<p>Unsere Nummer 5:<\/p>\n<p>Ptacek wurde am 12.07. f\u00fcr 30,5 Mio verpflichtet und soll nach hartem Training im Q5 eingesetzt werden.<\/p>\n<p>21.02.2017<\/p>\n<p><a href=\"https:\/\/krecklow.de\/goalunited\/?attachment_id=3386\" rel=\"attachment wp-att-3386\"><img loading=\"lazy\" decoding=\"async\" class=\"aligncenter size-full wp-image-3386\" src=\"https:\/\/krecklow.de\/goalunited\/wp-content\/uploads\/2015\/07\/5.png\" alt=\"\" width=\"688\" height=\"774\" srcset=\"https:\/\/krecklow.de\/goalunited\/wp-content\/uploads\/2015\/07\/5.png 688w, https:\/\/krecklow.de\/goalunited\/wp-content\/uploads\/2015\/07\/5-267x300.png 267w\" sizes=\"auto, (max-width: 688px) 100vw, 688px\" \/><\/a><\/p>\n<p><a href=\"https:\/\/krecklow.de\/goalunited\/wp-content\/uploads\/2015\/07\/2015-07-13_1528541.png\"><img loading=\"lazy\" decoding=\"async\" class=\"aligncenter size-full wp-image-2717\" src=\"https:\/\/krecklow.de\/goalunited\/wp-content\/uploads\/2015\/07\/2015-07-13_1528541.png\" alt=\"2015-07-13_152854\" width=\"645\" height=\"716\" srcset=\"https:\/\/krecklow.de\/goalunited\/wp-content\/uploads\/2015\/07\/2015-07-13_1528541.png 645w, https:\/\/krecklow.de\/goalunited\/wp-content\/uploads\/2015\/07\/2015-07-13_1528541-270x300.png 270w\" sizes=\"auto, (max-width: 645px) 100vw, 645px\" \/><\/a>Ptacek wurde am 17.02.2018 f\u00fcr 23,8 Mio verkauft. Er brachte es auf 280 Eins\u00e4tze und erzielte dabei 133 Tore<\/p>\n<p><a href=\"https:\/\/krecklow.de\/goalunited\/?attachment_id=3770\" rel=\"attachment wp-att-3770\"><img loading=\"lazy\" decoding=\"async\" class=\"aligncenter size-full wp-image-3770\" src=\"https:\/\/krecklow.de\/goalunited\/wp-content\/uploads\/2018\/02\/ptacek.png\" alt=\"\" width=\"409\" height=\"464\" srcset=\"https:\/\/krecklow.de\/goalunited\/wp-content\/uploads\/2018\/02\/ptacek.png 409w, https:\/\/krecklow.de\/goalunited\/wp-content\/uploads\/2018\/02\/ptacek-264x300.png 264w\" sizes=\"auto, (max-width: 409px) 100vw, 409px\" \/><\/a><\/p>\n<p>&nbsp;<\/p>\n","protected":false},"excerpt":{"rendered":"<p>Unsere Nummer 5: Ptacek wurde am 12.07. f\u00fcr 30,5 Mio verpflichtet und soll nach hartem Training im Q5 eingesetzt werden. 21.02.2017 Ptacek wurde am 17.02.2018 f\u00fcr 23,8 Mio verkauft. Er brachte es auf 280 Eins\u00e4tze und erzielte dabei 133 Tore &hellip; <a href=\"https:\/\/krecklow.de\/goalunited\/abknicker-of-fame\/nr-22-ptacek\/\">Weiterlesen <span class=\"meta-nav\">&rarr;<\/span><\/a><\/p>\n","protected":false},"author":2,"featured_media":0,"parent":520,"menu_order":0,"comment_status":"open","ping_status":"closed","template":"","meta":{"footnotes":""},"class_list":["post-2716","page","type-page","status-publish","hentry"],"aioseo_notices":[],"_links":{"self":[{"href":"https:\/\/krecklow.de\/goalunited\/wp-json\/wp\/v2\/pages\/2716","targetHints":{"allow":["GET"]}}],"collection":[{"href":"https:\/\/krecklow.de\/goalunited\/wp-json\/wp\/v2\/pages"}],"about":[{"href":"https:\/\/krecklow.de\/goalunited\/wp-json\/wp\/v2\/types\/page"}],"author":[{"embeddable":true,"href":"https:\/\/krecklow.de\/goalunited\/wp-json\/wp\/v2\/users\/2"}],"replies":[{"embeddable":true,"href":"https:\/\/krecklow.de\/goalunited\/wp-json\/wp\/v2\/comments?post=2716"}],"version-history":[{"count":6,"href":"https:\/\/krecklow.de\/goalunited\/wp-json\/wp\/v2\/pages\/2716\/revisions"}],"predecessor-version":[{"id":3887,"href":"https:\/\/krecklow.de\/goalunited\/wp-json\/wp\/v2\/pages\/2716\/revisions\/3887"}],"up":[{"embeddable":true,"href":"https:\/\/krecklow.de\/goalunited\/wp-json\/wp\/v2\/pages\/520"}],"wp:attachment":[{"href":"https:\/\/krecklow.de\/goalunited\/wp-json\/wp\/v2\/media?parent=2716"}],"curies":[{"name":"wp","href":"https:\/\/api.w.org\/{rel}","templated":true}]}}