{"id":269,"date":"2012-07-17T16:18:53","date_gmt":"2012-07-17T14:18:53","guid":{"rendered":"http:\/\/krecklow.de\/goalunited\/?page_id=269"},"modified":"2013-04-04T12:06:43","modified_gmt":"2013-04-04T10:06:43","slug":"acikaraoglu","status":"publish","type":"page","link":"https:\/\/krecklow.de\/goalunited\/abknicker-of-fame\/acikaraoglu\/","title":{"rendered":"Nr. 01 &#8211; Emir"},"content":{"rendered":"<p>unsere ehemalige Nummer 1:<\/p>\n<p><a href=\"https:\/\/krecklow.de\/goalunited\/wp-content\/uploads\/2013\/03\/1.png\"><img loading=\"lazy\" decoding=\"async\" class=\"aligncenter size-full wp-image-1061\" alt=\"1\" src=\"https:\/\/krecklow.de\/goalunited\/wp-content\/uploads\/2013\/03\/1.png\" width=\"474\" height=\"530\" srcset=\"https:\/\/krecklow.de\/goalunited\/wp-content\/uploads\/2013\/03\/1.png 474w, https:\/\/krecklow.de\/goalunited\/wp-content\/uploads\/2013\/03\/1-268x300.png 268w\" sizes=\"auto, (max-width: 474px) 100vw, 474px\" \/><\/a><\/p>\n<p>Acikaraoglu kam in Saison 5, im Alter von 23 Jahren zu den Abknickern und fortan Stammtorwart. Seine Skills waren damals:<\/p>\n<p>TW81, ZW29, SP3, PA2, TO2 und Erf28.<\/p>\n<p style=\"text-align: justify;\"><strong>Update Saison 12:<\/strong><\/p>\n<p style=\"text-align: justify;\">Emirs Vertrag wurde nicht verl\u00e4ngert. Im Alter von 31 Jahren wurde er nach Griechenland f\u00fcr 13 Mio EUR verkauft. Dort spielt er f\u00fcr Falirocity in der 3. Liga (Manager aniwthos7).<\/p>\n<p style=\"text-align: justify;\">Seine Skills beim Verkauf<\/p>\n<p style=\"text-align: justify;\">TW88, ZW63, SP8, PA6, TO5 und Erf100.<\/p>\n<p style=\"text-align: justify;\">Emir absolvierte f\u00fcr die Abknicker 230 Pflichtspiele.<\/p>\n","protected":false},"excerpt":{"rendered":"<p>unsere ehemalige Nummer 1: Acikaraoglu kam in Saison 5, im Alter von 23 Jahren zu den Abknickern und fortan Stammtorwart. Seine Skills waren damals: TW81, ZW29, SP3, PA2, TO2 und Erf28. Update Saison 12: Emirs Vertrag wurde nicht verl\u00e4ngert. Im &hellip; <a href=\"https:\/\/krecklow.de\/goalunited\/abknicker-of-fame\/acikaraoglu\/\">Weiterlesen <span class=\"meta-nav\">&rarr;<\/span><\/a><\/p>\n","protected":false},"author":2,"featured_media":0,"parent":520,"menu_order":0,"comment_status":"open","ping_status":"closed","template":"","meta":{"footnotes":""},"class_list":["post-269","page","type-page","status-publish","hentry"],"aioseo_notices":[],"_links":{"self":[{"href":"https:\/\/krecklow.de\/goalunited\/wp-json\/wp\/v2\/pages\/269","targetHints":{"allow":["GET"]}}],"collection":[{"href":"https:\/\/krecklow.de\/goalunited\/wp-json\/wp\/v2\/pages"}],"about":[{"href":"https:\/\/krecklow.de\/goalunited\/wp-json\/wp\/v2\/types\/page"}],"author":[{"embeddable":true,"href":"https:\/\/krecklow.de\/goalunited\/wp-json\/wp\/v2\/users\/2"}],"replies":[{"embeddable":true,"href":"https:\/\/krecklow.de\/goalunited\/wp-json\/wp\/v2\/comments?post=269"}],"version-history":[{"count":0,"href":"https:\/\/krecklow.de\/goalunited\/wp-json\/wp\/v2\/pages\/269\/revisions"}],"up":[{"embeddable":true,"href":"https:\/\/krecklow.de\/goalunited\/wp-json\/wp\/v2\/pages\/520"}],"wp:attachment":[{"href":"https:\/\/krecklow.de\/goalunited\/wp-json\/wp\/v2\/media?parent=269"}],"curies":[{"name":"wp","href":"https:\/\/api.w.org\/{rel}","templated":true}]}}