{"id":2394,"date":"2015-03-10T16:33:49","date_gmt":"2015-03-10T14:33:49","guid":{"rendered":"http:\/\/krecklow.de\/goalunited\/?page_id=2394"},"modified":"2019-04-16T16:33:32","modified_gmt":"2019-04-16T14:33:32","slug":"nr-31-kuennemann","status":"publish","type":"page","link":"https:\/\/krecklow.de\/goalunited\/abknicker-of-fame\/nr-31-kuennemann\/","title":{"rendered":"Nr. 08 &#8211; K\u00fcnnemann"},"content":{"rendered":"<p>Unsere Nummer 8:<\/p>\n<p>Am 09.03.2015 wurde mit K\u00fcnnemann ein neues unflexibles Freisto\u00dftalent f\u00fcr 54,44 Mio verpflichtet.<\/p>\n<p>\u201cAuf dieses Talent haben wir lange gewartet. Der Nachfolger vom Nachfolger ist damit gefunden und die Planungen sind erstmal abgeschlossen.\u201d<\/p>\n<p>K\u00fcnnemann hat das Team im Oktober 2018 verlassen. Er brachte es auf 279 Spiele und erzielte dabei 165 Tore!<\/p>\n<p>18.10.2018<\/p>\n<p><a href=\"https:\/\/krecklow.de\/goalunited\/?attachment_id=4074\" rel=\"attachment wp-att-4074\"><img loading=\"lazy\" decoding=\"async\" class=\"aligncenter size-full wp-image-4074\" src=\"https:\/\/krecklow.de\/goalunited\/wp-content\/uploads\/2018\/10\/k\u00fcnnem.jpg\" alt=\"\" width=\"788\" height=\"879\" srcset=\"https:\/\/krecklow.de\/goalunited\/wp-content\/uploads\/2018\/10\/k\u00fcnnem.jpg 788w, https:\/\/krecklow.de\/goalunited\/wp-content\/uploads\/2018\/10\/k\u00fcnnem-269x300.jpg 269w, https:\/\/krecklow.de\/goalunited\/wp-content\/uploads\/2018\/10\/k\u00fcnnem-768x857.jpg 768w\" sizes=\"auto, (max-width: 788px) 100vw, 788px\" \/><\/a><\/p>\n<p>22.02.2017<\/p>\n<p><a href=\"https:\/\/krecklow.de\/goalunited\/?attachment_id=3427\" rel=\"attachment wp-att-3427\"><img loading=\"lazy\" decoding=\"async\" class=\"aligncenter size-full wp-image-3427\" src=\"https:\/\/krecklow.de\/goalunited\/wp-content\/uploads\/2015\/03\/8.png\" alt=\"\" width=\"692\" height=\"771\" srcset=\"https:\/\/krecklow.de\/goalunited\/wp-content\/uploads\/2015\/03\/8.png 692w, https:\/\/krecklow.de\/goalunited\/wp-content\/uploads\/2015\/03\/8-269x300.png 269w\" sizes=\"auto, (max-width: 692px) 100vw, 692px\" \/><\/a><\/p>\n<p>15.05.2015<\/p>\n<p>&nbsp;<\/p>\n<p><a href=\"https:\/\/krecklow.de\/goalunited\/wp-content\/uploads\/2015\/03\/2015-05-15_095835.png\"><img loading=\"lazy\" decoding=\"async\" class=\"aligncenter size-full wp-image-2566\" src=\"https:\/\/krecklow.de\/goalunited\/wp-content\/uploads\/2015\/03\/2015-05-15_095835.png\" alt=\"2015-05-15_095835\" width=\"555\" height=\"628\" srcset=\"https:\/\/krecklow.de\/goalunited\/wp-content\/uploads\/2015\/03\/2015-05-15_095835.png 555w, https:\/\/krecklow.de\/goalunited\/wp-content\/uploads\/2015\/03\/2015-05-15_095835-265x300.png 265w\" sizes=\"auto, (max-width: 555px) 100vw, 555px\" \/><\/a><\/p>\n<p><a href=\"https:\/\/krecklow.de\/goalunited\/wp-content\/uploads\/2015\/03\/2015-03-10_085420.png\"><img loading=\"lazy\" decoding=\"async\" class=\"aligncenter size-full wp-image-2392\" src=\"https:\/\/krecklow.de\/goalunited\/wp-content\/uploads\/2015\/03\/2015-03-10_085420.png\" alt=\"2015-03-10_085420\" width=\"643\" height=\"716\" srcset=\"https:\/\/krecklow.de\/goalunited\/wp-content\/uploads\/2015\/03\/2015-03-10_085420.png 643w, https:\/\/krecklow.de\/goalunited\/wp-content\/uploads\/2015\/03\/2015-03-10_085420-269x300.png 269w\" sizes=\"auto, (max-width: 643px) 100vw, 643px\" \/><\/a><\/p>\n","protected":false},"excerpt":{"rendered":"<p>Unsere Nummer 8: Am 09.03.2015 wurde mit K\u00fcnnemann ein neues unflexibles Freisto\u00dftalent f\u00fcr 54,44 Mio verpflichtet. \u201cAuf dieses Talent haben wir lange gewartet. Der Nachfolger vom Nachfolger ist damit gefunden und die Planungen sind erstmal abgeschlossen.\u201d K\u00fcnnemann hat das Team &hellip; <a href=\"https:\/\/krecklow.de\/goalunited\/abknicker-of-fame\/nr-31-kuennemann\/\">Weiterlesen <span class=\"meta-nav\">&rarr;<\/span><\/a><\/p>\n","protected":false},"author":2,"featured_media":0,"parent":520,"menu_order":0,"comment_status":"open","ping_status":"closed","template":"","meta":{"footnotes":""},"class_list":["post-2394","page","type-page","status-publish","hentry"],"aioseo_notices":[],"_links":{"self":[{"href":"https:\/\/krecklow.de\/goalunited\/wp-json\/wp\/v2\/pages\/2394","targetHints":{"allow":["GET"]}}],"collection":[{"href":"https:\/\/krecklow.de\/goalunited\/wp-json\/wp\/v2\/pages"}],"about":[{"href":"https:\/\/krecklow.de\/goalunited\/wp-json\/wp\/v2\/types\/page"}],"author":[{"embeddable":true,"href":"https:\/\/krecklow.de\/goalunited\/wp-json\/wp\/v2\/users\/2"}],"replies":[{"embeddable":true,"href":"https:\/\/krecklow.de\/goalunited\/wp-json\/wp\/v2\/comments?post=2394"}],"version-history":[{"count":9,"href":"https:\/\/krecklow.de\/goalunited\/wp-json\/wp\/v2\/pages\/2394\/revisions"}],"predecessor-version":[{"id":4325,"href":"https:\/\/krecklow.de\/goalunited\/wp-json\/wp\/v2\/pages\/2394\/revisions\/4325"}],"up":[{"embeddable":true,"href":"https:\/\/krecklow.de\/goalunited\/wp-json\/wp\/v2\/pages\/520"}],"wp:attachment":[{"href":"https:\/\/krecklow.de\/goalunited\/wp-json\/wp\/v2\/media?parent=2394"}],"curies":[{"name":"wp","href":"https:\/\/api.w.org\/{rel}","templated":true}]}}