{"id":1726,"date":"2014-04-03T14:55:29","date_gmt":"2014-04-03T12:55:29","guid":{"rendered":"http:\/\/krecklow.de\/goalunited\/?page_id=1726"},"modified":"2015-04-17T13:45:45","modified_gmt":"2015-04-17T11:45:45","slug":"nr-01-alberto-bossa","status":"publish","type":"page","link":"https:\/\/krecklow.de\/goalunited\/transfers\/verkaeufe\/nr-01-alberto-bossa\/","title":{"rendered":"Nr. 01 &#8211; Bossa"},"content":{"rendered":"<p>Unsere ehemalige Nr.1:<\/p>\n<p>17.04.2015<\/p>\n<p><a href=\"https:\/\/krecklow.de\/goalunited\/wp-content\/uploads\/2015\/04\/2015-04-17_133439.png\"><img loading=\"lazy\" decoding=\"async\" class=\"aligncenter size-full wp-image-2465\" src=\"https:\/\/krecklow.de\/goalunited\/wp-content\/uploads\/2015\/04\/2015-04-17_133439.png\" alt=\"2015-04-17_133439\" width=\"637\" height=\"711\" srcset=\"https:\/\/krecklow.de\/goalunited\/wp-content\/uploads\/2015\/04\/2015-04-17_133439.png 637w, https:\/\/krecklow.de\/goalunited\/wp-content\/uploads\/2015\/04\/2015-04-17_133439-269x300.png 269w\" sizes=\"auto, (max-width: 637px) 100vw, 637px\" \/><\/a><\/p>\n<p>&nbsp;<\/p>\n<p>Bossa wurde am 31.03. f\u00fcr 32Mio aus Portugal verpflichtet und wird die L\u00fccke zwischen Cortazar und Mosler schlie\u00dfen! Am 17.04. und nach 150 Eins\u00e4tzen hat sich Bossa f\u00fcr 8,8 Mio. von den Abknickern verabschiedet!<\/p>\n<p>Stand 23.12.2014<\/p>\n<p><a href=\"https:\/\/krecklow.de\/goalunited\/wp-content\/uploads\/2014\/04\/1.jpg\"><img loading=\"lazy\" decoding=\"async\" class=\"aligncenter size-full wp-image-2000\" src=\"https:\/\/krecklow.de\/goalunited\/wp-content\/uploads\/2014\/04\/1.jpg\" alt=\"1\" width=\"647\" height=\"715\" srcset=\"https:\/\/krecklow.de\/goalunited\/wp-content\/uploads\/2014\/04\/1.jpg 647w, https:\/\/krecklow.de\/goalunited\/wp-content\/uploads\/2014\/04\/1-271x300.jpg 271w\" sizes=\"auto, (max-width: 647px) 100vw, 647px\" \/><\/a><\/p>\n<p><a href=\"https:\/\/krecklow.de\/goalunited\/wp-content\/uploads\/2014\/04\/2014-04-03_145103.jpg\"><img loading=\"lazy\" decoding=\"async\" class=\"aligncenter size-full wp-image-1724\" src=\"https:\/\/krecklow.de\/goalunited\/wp-content\/uploads\/2014\/04\/2014-04-03_145103.jpg\" alt=\"2014-04-03_145103\" width=\"660\" height=\"737\" srcset=\"https:\/\/krecklow.de\/goalunited\/wp-content\/uploads\/2014\/04\/2014-04-03_145103.jpg 660w, https:\/\/krecklow.de\/goalunited\/wp-content\/uploads\/2014\/04\/2014-04-03_145103-268x300.jpg 268w\" sizes=\"auto, (max-width: 660px) 100vw, 660px\" \/><\/a><\/p>\n","protected":false},"excerpt":{"rendered":"<p>Unsere ehemalige Nr.1: 17.04.2015 &nbsp; Bossa wurde am 31.03. f\u00fcr 32Mio aus Portugal verpflichtet und wird die L\u00fccke zwischen Cortazar und Mosler schlie\u00dfen! Am 17.04. und nach 150 Eins\u00e4tzen hat sich Bossa f\u00fcr 8,8 Mio. von den Abknickern verabschiedet! Stand &hellip; <a href=\"https:\/\/krecklow.de\/goalunited\/transfers\/verkaeufe\/nr-01-alberto-bossa\/\">Weiterlesen <span class=\"meta-nav\">&rarr;<\/span><\/a><\/p>\n","protected":false},"author":3,"featured_media":0,"parent":1286,"menu_order":0,"comment_status":"open","ping_status":"open","template":"","meta":{"footnotes":""},"class_list":["post-1726","page","type-page","status-publish","hentry"],"aioseo_notices":[],"_links":{"self":[{"href":"https:\/\/krecklow.de\/goalunited\/wp-json\/wp\/v2\/pages\/1726","targetHints":{"allow":["GET"]}}],"collection":[{"href":"https:\/\/krecklow.de\/goalunited\/wp-json\/wp\/v2\/pages"}],"about":[{"href":"https:\/\/krecklow.de\/goalunited\/wp-json\/wp\/v2\/types\/page"}],"author":[{"embeddable":true,"href":"https:\/\/krecklow.de\/goalunited\/wp-json\/wp\/v2\/users\/3"}],"replies":[{"embeddable":true,"href":"https:\/\/krecklow.de\/goalunited\/wp-json\/wp\/v2\/comments?post=1726"}],"version-history":[{"count":5,"href":"https:\/\/krecklow.de\/goalunited\/wp-json\/wp\/v2\/pages\/1726\/revisions"}],"predecessor-version":[{"id":2468,"href":"https:\/\/krecklow.de\/goalunited\/wp-json\/wp\/v2\/pages\/1726\/revisions\/2468"}],"up":[{"embeddable":true,"href":"https:\/\/krecklow.de\/goalunited\/wp-json\/wp\/v2\/pages\/1286"}],"wp:attachment":[{"href":"https:\/\/krecklow.de\/goalunited\/wp-json\/wp\/v2\/media?parent=1726"}],"curies":[{"name":"wp","href":"https:\/\/api.w.org\/{rel}","templated":true}]}}