{"id":1500,"date":"2013-11-14T17:24:40","date_gmt":"2013-11-14T15:24:40","guid":{"rendered":"http:\/\/krecklow.de\/goalunited\/?page_id=1500"},"modified":"2017-08-25T11:14:12","modified_gmt":"2017-08-25T09:14:12","slug":"yasar","status":"publish","type":"page","link":"https:\/\/krecklow.de\/goalunited\/abknicker-of-fame\/yasar\/","title":{"rendered":"Nr. 04 &#8211; Yasar"},"content":{"rendered":"<p>Unsere Nummer 4:<\/p>\n<p>P\u00fcmktlich zum Saisonende der 14. Saison haben die Abknicker auf dem Transfermarkt zugeschlagen und Yasar f\u00fcr 18Mio. aus der T\u00fcrkei verpflichtet. Yasar ist beidf\u00fc\u00dfig und \u00e4u\u00dferst kreativ und soll im Defensivbereich eingesetzt werden. Zum Ende seiner Karriere spielt er im zentralen Mittelfeld!<\/p>\n<p>21.02.2017<\/p>\n<p><a href=\"https:\/\/krecklow.de\/goalunited\/?attachment_id=3377\" rel=\"attachment wp-att-3377\"><img loading=\"lazy\" decoding=\"async\" class=\"aligncenter size-full wp-image-3377\" src=\"https:\/\/krecklow.de\/goalunited\/wp-content\/uploads\/2013\/11\/4.png\" alt=\"\" width=\"697\" height=\"779\" srcset=\"https:\/\/krecklow.de\/goalunited\/wp-content\/uploads\/2013\/11\/4.png 697w, https:\/\/krecklow.de\/goalunited\/wp-content\/uploads\/2013\/11\/4-268x300.png 268w\" sizes=\"auto, (max-width: 697px) 100vw, 697px\" \/><\/a><\/p>\n<p><a href=\"https:\/\/krecklow.de\/goalunited\/?attachment_id=2952\" rel=\"attachment wp-att-2952\"><img loading=\"lazy\" decoding=\"async\" class=\"aligncenter size-full wp-image-2952\" src=\"https:\/\/krecklow.de\/goalunited\/wp-content\/uploads\/2013\/11\/2016-02-03_144857.png\" alt=\"2016-02-03_144857\" width=\"558\" height=\"627\" srcset=\"https:\/\/krecklow.de\/goalunited\/wp-content\/uploads\/2013\/11\/2016-02-03_144857.png 558w, https:\/\/krecklow.de\/goalunited\/wp-content\/uploads\/2013\/11\/2016-02-03_144857-267x300.png 267w\" sizes=\"auto, (max-width: 558px) 100vw, 558px\" \/><\/a><\/p>\n<p>Seine Skills zum Geburtstag:<\/p>\n<table width=\"630\">\n<tbody>\n<tr>\n<td width=\"80\">Yasar<\/td>\n<td width=\"70\">unflex<\/td>\n<td width=\"34\">18<\/td>\n<td width=\"31\">13<\/td>\n<td width=\"26\">2<\/td>\n<td width=\"23\">59<\/td>\n<td width=\"31\">21<\/td>\n<td width=\"23\">19<\/td>\n<td width=\"23\">16<\/td>\n<td width=\"63\">115<\/td>\n<td width=\"86\">115<\/td>\n<td width=\"35\">59<\/td>\n<td width=\"36\">21<\/td>\n<td width=\"33\">19<\/td>\n<td width=\"36\">16<\/td>\n<\/tr>\n<tr>\n<td width=\"80\">Yasar<\/td>\n<td>unflex<\/td>\n<td>19<\/td>\n<td>14<\/td>\n<td>2<\/td>\n<td>74<\/td>\n<td>30<\/td>\n<td>26<\/td>\n<td>22<\/td>\n<td>152<\/td>\n<td>37<\/td>\n<td>15<\/td>\n<td>9<\/td>\n<td>7<\/td>\n<td>6<\/td>\n<\/tr>\n<tr>\n<td width=\"80\">Yasar<\/td>\n<td>unflex<\/td>\n<td>20<\/td>\n<td>18<\/td>\n<td>2<\/td>\n<td>80<\/td>\n<td>41<\/td>\n<td>45<\/td>\n<td>32<\/td>\n<td>198<\/td>\n<td>46<\/td>\n<td>6<\/td>\n<td>11<\/td>\n<td>19<\/td>\n<td>10<\/td>\n<\/tr>\n<tr>\n<td width=\"80\">Yasar<\/td>\n<td>unflex<\/td>\n<td>21<\/td>\n<td>23<\/td>\n<td>2<\/td>\n<td>83<\/td>\n<td>57<\/td>\n<td>54<\/td>\n<td>43<\/td>\n<td>237<\/td>\n<td>39<\/td>\n<td>3<\/td>\n<td>16<\/td>\n<td>9<\/td>\n<td>11<\/td>\n<\/tr>\n<tr>\n<td width=\"80\">Yasar<\/td>\n<td>unflex<\/td>\n<td>22<\/td>\n<td>27<\/td>\n<td>2<\/td>\n<td>87<\/td>\n<td>71<\/td>\n<td>62<\/td>\n<td>54<\/td>\n<td>274<\/td>\n<td>37<\/td>\n<td>4<\/td>\n<td>14<\/td>\n<td>8<\/td>\n<td>11<\/td>\n<\/tr>\n<tr>\n<td width=\"80\">Yasar<\/td>\n<td>unflex<\/td>\n<td>23<\/td>\n<td>31<\/td>\n<td>2<\/td>\n<td>90<\/td>\n<td>81<\/td>\n<td>73<\/td>\n<td>61<\/td>\n<td>305<\/td>\n<td>31<\/td>\n<td>3<\/td>\n<td>10<\/td>\n<td>11<\/td>\n<td>7<\/td>\n<\/tr>\n<tr>\n<td width=\"80\">Yasar<\/td>\n<td>unflex<\/td>\n<td>24<\/td>\n<td>41<\/td>\n<td>2<\/td>\n<td>93<\/td>\n<td>88<\/td>\n<td>84<\/td>\n<td>68<\/td>\n<td>333<\/td>\n<td>28<\/td>\n<td>3<\/td>\n<td>7<\/td>\n<td>11<\/td>\n<td>7<\/td>\n<\/tr>\n<\/tbody>\n<\/table>\n<p>15.05.2015<\/p>\n<p><a href=\"https:\/\/krecklow.de\/goalunited\/wp-content\/uploads\/2013\/11\/2015-05-15_095117.png\"><img loading=\"lazy\" decoding=\"async\" class=\"aligncenter size-full wp-image-2533\" src=\"https:\/\/krecklow.de\/goalunited\/wp-content\/uploads\/2013\/11\/2015-05-15_095117.png\" alt=\"2015-05-15_095117\" width=\"553\" height=\"627\" srcset=\"https:\/\/krecklow.de\/goalunited\/wp-content\/uploads\/2013\/11\/2015-05-15_095117.png 553w, https:\/\/krecklow.de\/goalunited\/wp-content\/uploads\/2013\/11\/2015-05-15_095117-265x300.png 265w\" sizes=\"auto, (max-width: 553px) 100vw, 553px\" \/><\/a><\/p>\n<p>23.12.2014<\/p>\n<p><a href=\"https:\/\/krecklow.de\/goalunited\/wp-content\/uploads\/2013\/11\/26.jpg\"><img loading=\"lazy\" decoding=\"async\" class=\"aligncenter size-full wp-image-2062\" src=\"https:\/\/krecklow.de\/goalunited\/wp-content\/uploads\/2013\/11\/26.jpg\" alt=\"26\" width=\"573\" height=\"643\" srcset=\"https:\/\/krecklow.de\/goalunited\/wp-content\/uploads\/2013\/11\/26.jpg 573w, https:\/\/krecklow.de\/goalunited\/wp-content\/uploads\/2013\/11\/26-267x300.jpg 267w\" sizes=\"auto, (max-width: 573px) 100vw, 573px\" \/><\/a><a href=\"https:\/\/krecklow.de\/goalunited\/wp-content\/uploads\/2013\/11\/Yasar.jpg\"><img loading=\"lazy\" decoding=\"async\" src=\"https:\/\/krecklow.de\/goalunited\/wp-content\/uploads\/2013\/11\/Yasar.jpg\" alt=\"Yasar\" width=\"633\" height=\"705\" \/><\/a><\/p>\n","protected":false},"excerpt":{"rendered":"<p>Unsere Nummer 4: P\u00fcmktlich zum Saisonende der 14. Saison haben die Abknicker auf dem Transfermarkt zugeschlagen und Yasar f\u00fcr 18Mio. aus der T\u00fcrkei verpflichtet. Yasar ist beidf\u00fc\u00dfig und \u00e4u\u00dferst kreativ und soll im Defensivbereich eingesetzt werden. Zum Ende seiner Karriere &hellip; <a href=\"https:\/\/krecklow.de\/goalunited\/abknicker-of-fame\/yasar\/\">Weiterlesen <span class=\"meta-nav\">&rarr;<\/span><\/a><\/p>\n","protected":false},"author":2,"featured_media":0,"parent":520,"menu_order":0,"comment_status":"open","ping_status":"closed","template":"","meta":{"footnotes":""},"class_list":["post-1500","page","type-page","status-publish","hentry"],"aioseo_notices":[],"_links":{"self":[{"href":"https:\/\/krecklow.de\/goalunited\/wp-json\/wp\/v2\/pages\/1500","targetHints":{"allow":["GET"]}}],"collection":[{"href":"https:\/\/krecklow.de\/goalunited\/wp-json\/wp\/v2\/pages"}],"about":[{"href":"https:\/\/krecklow.de\/goalunited\/wp-json\/wp\/v2\/types\/page"}],"author":[{"embeddable":true,"href":"https:\/\/krecklow.de\/goalunited\/wp-json\/wp\/v2\/users\/2"}],"replies":[{"embeddable":true,"href":"https:\/\/krecklow.de\/goalunited\/wp-json\/wp\/v2\/comments?post=1500"}],"version-history":[{"count":12,"href":"https:\/\/krecklow.de\/goalunited\/wp-json\/wp\/v2\/pages\/1500\/revisions"}],"predecessor-version":[{"id":3379,"href":"https:\/\/krecklow.de\/goalunited\/wp-json\/wp\/v2\/pages\/1500\/revisions\/3379"}],"up":[{"embeddable":true,"href":"https:\/\/krecklow.de\/goalunited\/wp-json\/wp\/v2\/pages\/520"}],"wp:attachment":[{"href":"https:\/\/krecklow.de\/goalunited\/wp-json\/wp\/v2\/media?parent=1500"}],"curies":[{"name":"wp","href":"https:\/\/api.w.org\/{rel}","templated":true}]}}